git of 1016101582?
0
What is the hundreds digit of 219870667?
6
What is the tens digit of 552387263?
6
What is the units digit of 35181456?
6
What is the thousands digit of 412169064?
9
What is the millions digit of 976398837?
6
What is the hundreds digit of 3020435020?
0
What is the hundred thousands digit of 1562794868?
7
What is the ten millions digit of 123723880?
2
What is the thousands digit of 414088320?
8
What is the units digit of 140429492?
2
What is the ten thousands digit of 73269167?
6
What is the hundred thousands digit of 3010106?
0
What is the tens digit of 1433934720?
2
What is the millions digit of 85388418?
5
What is the millions digit of 178951996?
8
What is the ten thousands digit of 2240908301?
0
What is the thousands digit of 16460253?
0
What is the ten thousands digit of 15718139?
1
What is the thousands digit of 602370771?
0
What is the ten thousands digit of 914789961?
8
What is the hundred millions digit of 5653525237?
6
What is the units digit of 237596658?
8
What is the ten millions digit of 46816006?
4
What is the hundred millions digit of 315089410?
3
What is the hundred thousands digit of 87932056?
9
What is the ten thousands digit of 49246053?
4
What is the ten millions digit of 1827301868?
2
What is the hundred thousands digit of 28812915?
8
What is the units digit of 3172446?
6
What is the tens digit of 110647720?
2
What is the hundred millions digit of 114207460?
1
What is the ten thousands digit of 76560998?
6
What is the millions digit of 666026574?
6
What is the ten thousands digit of 59576692?
7
What is the thousands digit of 221964382?
4
What is the hundred thousands digit of 212498633?
4
What is the hundreds digit of 4685776?
7
What is the ten thousands digit of 11501854?
0
What is the ten millions digit of 143379265?
4
What is the thousands digit of 2459147354?
7
What is the ten millions digit of 2485497105?
8
What is the hundred thousands digit of 4346223212?
2
What is the billions digit of 1138977520?
1
What is the tens digit of 2317002175?
7
What is the units digit of 323456177?
7
What is the units digit of 90598338?
8
What is the hundreds digit of 3463673904?
9
What is the thousands digit of 3249996134?
6
What is the ten thousands digit of 4885611687?
1
What is the tens digit of 327718977?
7
What is the units digit of 1155543498?
8
What is the tens digit of 1427132030?
3
What is the hundred thousands digit of 1112424654?
4
What is the tens digit of 74189001?
0
What is the units digit of 58523619?
9
What is the thousands digit of 24687897?
7
What is the millions digit of 33555733?
3
What is the hundred millions digit of 466212738?
4
What is the hundred thousands digit of 20885611?
8
What is the millions digit of 547814989?
7
What is the thousands digit of 6137597430?
7
What is the millions digit of 1069405?
1
What is the hundred thousands digit of 133441498?
4
What is the ten thousands digit of 123147079?
4
What is the thousands digit of 110895266?
5
What is the hundreds digit of 1276780150?
1
What is the hundreds digit of 20256577?
5
What is the thousands digit of 178185886?
5
What is the tens digit of 71051079?
7
What is the hundreds digit of 18888401?
4
What is the units digit of 47697141?
1
What is the millions digit of 227977828?
7
What is the hundred millions digit of 2313576064?
3
What is the hundred millions digit of 1943205818?
9
What is the ten millions digit of 3148317445?
4
What is the millions digit of 390127589?
0
What is the millions digit of 276027358?
6
What is the units digit of 33241368?
8
What is the hundreds digit of 285523149?
1
What is the billions digit of 1960963662?
1
What is the tens digit of 79737520?
2
What is the millions digit of 502817590?
2
What is the units digit of 16750258?
8
What is the ten millions digit of 20442674?
2
What is the millions digit of 270016127?
0
What is the millions digit of 244008026?
4
What is the hundred millions digit of 660733437?
6
What is the thousands digit of 714977190?
7
What is the hundreds digit of 13966925?
9
What is the tens digit of 794420718?
1
What is the millions digit of 900933763?
0
What is the tens digit of 67679470?
7
What is the hundred millions digit of 2177277715?
1
What is the millions digit of 92632413?
2
What is the units digit of 1466517082?
2
What is the hundred thousands digit of 32498477?
4
What is the tens digit of 13175616?
1
What is the ten millions digit of 60551324?
6
What is the thousands digit of 30896832?
6
What is the hundred thousands digit of 117506713?
5
What is the hundred millions digit of 1362508525?
3
What is the millions digit of 623779373?
3
What is the billions digit of 2301038740?
2
What is the units digit of 61917477?
7
What is the hundred millions digit of 430178800?
4
What is the ten millions digit of 22166072?
2
What is the hundreds digit of 230809212?
2
What is the tens digit of 477608996?
9
What is the ten millions digit of 41487024?
4
What is the millions digit of 6542454?
6
What is the hundreds digit of 67803530?
5
What is the units digit of 45419558?
8
What is the units digit of 170001577?
7
What is the ten thousands digit of 11041122?
4
What is the billions digit of 1778390032?
1
What is the ten millions digit of 796178122?
9
What is the hundred thousands digit of 287856848?
8
What is the thousands digit of 181911232?
1
What is the millions digit of 1002005468?
2
What is the tens digit of 15158824?
2
What is the hundreds digit of 1213313813?
8
What is the thousands digit of 100523938?
3
What is the millions digit of 373502422?
3
What is the hundreds digit of 105828608?
6
What is the millions digit of 545980914?
5
What is the ten millions digit of 163847378?
6
What is the ten millions digit of 689039453?
8
What is the thousands digit of 197760698?
0
What is the hundred thousands digit of 155528738?
5
What is the millions digit of 881733293?
1
What is the hundred millions digit of 139037285?
1
What is the thousands digit of 1663704343?
4
What is the units digit of 8155604457?
7
What is the millions digit of 8974819732?
4
What is the hundreds digit of 94692641?
6
What is the ten thousands digit of 133714561?
1
What is the tens digit of 389036766?
6
What is the ten millions digit of 409223710?
0
What is the ten millions digit of 59127905?
5
What is the hundred thousands digit of 233558038?
5
What is the units digit of 64611574?
4
What is the hundred millions digit of 235568936?
2
What is the units digit of 75435301?
1
What is the hundred thousands digit of 22983833?
9
What is the millions digit of 54925733?
4
What is the billions digit of 1064780891?
1
What is the hundred millions digit of 814909443?
8
What is the ten millions digit of 95051767?
9
What is the tens digit of 72055267?
6
What is the billions digit of 5176484244?
5
What is the ten thousands digit of 40315572?
1
What is the billions digit of 1300785187?
1
What is the ten millions digit of 61630417?
6
What is the millions digit of 13814391?
3
What is the ten thousands digit of 1003846733?
4
What is the ten thousands digit of 193429658?
2
What is the millions digit of 212760139?
2
What is the tens digit of 215473118?
1
What is the hundred millions digit of 181620691?
1
What is the ten millions digit of 230420122?
3
What is the millions digit of 338237447?
8
What is the units digit of 9176825?
5
What is the hundreds digit of 19188145?
1
What is the hundred thousands digit of 33401420?
4
What is the thousands digit of 41332871?
2
What is the hundreds digit of 1140824164?
1
What is the millions digit of 350340250?
0
What is the units digit of 630302849?
9
What is the thousands digit of 2229796?
9
What is the ten thousands digit of 40114777?
1
What is the hundred thousands digit of 486484562?
4
What is the ten thousands digit of 3652827?
5
What is the tens digit of 5677084?
8
What is the ten thousands digit of 248829538?
2
What is the units digit of 332826956?
6
What is the thousands digit of 237687405?
7
What is the tens digit of 826830778?
7
What is the hundred millions digit of 4146826155?
1
What is the ten thousands digit of 5602382891?
8
What is the millions digit of 198690764?
8
What is the thousands digit of 25975602?
5
What is the ten thousands digit of 78164209?
6
What is the millions digit of 117880458?
7
What is the 